{"id":17,"date":"2010-03-03T08:10:45","date_gmt":"2010-03-03T06:10:45","guid":{"rendered":"http:\/\/www.positivewave.net\/test\/?page_id=17"},"modified":"2025-08-12T16:07:48","modified_gmt":"2025-08-12T14:07:48","slug":"musiikki","status":"publish","type":"page","link":"https:\/\/www.positivewave.net\/?page_id=17","title":{"rendered":"musiikki"},"content":{"rendered":"<p>Positive Waven musiikki on lempe\u00e4\u00e4 progressiivista rockia, joka ammentaa maailmanmusiikista, psykedelian eri v\u00e4reist\u00e4 sek\u00e4 el\u00e4m\u00e4n kauneudesta ja arvoituksellisuudesta.<\/p>\n<h3><span style=\"color: #ff6600;\">Diskografia<\/span><\/h3>\n<h3>Mets\u00e4lapsi (2024)<\/h3>\n<p><a href=\"https:\/\/www.humurecords.com\/kauppa.html\" target=\"_blank\" rel=\"noopener\"><img loading=\"lazy\" decoding=\"async\" class=\"wp-image-689 alignleft\" src=\"https:\/\/www.positivewave.net\/wp-content\/uploads\/2024\/11\/PW2_CD-etukansi_flat_300dpi-1024x1017.jpg\" alt=\"\" width=\"318\" height=\"316\" srcset=\"https:\/\/www.positivewave.net\/wp-content\/uploads\/2024\/11\/PW2_CD-etukansi_flat_300dpi-1024x1017.jpg 1024w, https:\/\/www.positivewave.net\/wp-content\/uploads\/2024\/11\/PW2_CD-etukansi_flat_300dpi-300x298.jpg 300w, https:\/\/www.positivewave.net\/wp-content\/uploads\/2024\/11\/PW2_CD-etukansi_flat_300dpi-150x150.jpg 150w, https:\/\/www.positivewave.net\/wp-content\/uploads\/2024\/11\/PW2_CD-etukansi_flat_300dpi-768x763.jpg 768w, https:\/\/www.positivewave.net\/wp-content\/uploads\/2024\/11\/PW2_CD-etukansi_flat_300dpi-180x180.jpg 180w, https:\/\/www.positivewave.net\/wp-content\/uploads\/2024\/11\/PW2_CD-etukansi_flat_300dpi.jpg 1422w\" sizes=\"auto, (max-width: 318px) 100vw, 318px\" \/><\/a>Arviot<br \/>\n<a href=\"http:\/\/www.progressor.net\/review\/positive_wave_2024_2.html\" target=\"_blank\" rel=\"noopener\">Progressor<\/a> (4\/5) 7.2025<br \/>\n<a href=\"https:\/\/progressor-net.blogspot.com\/2025\/01\/positive-wave-2024-metsalapsi.html\" target=\"_blank\" rel=\"noopener\">Progressor<\/a> (5\/6) 27.1.2025<br \/>\n<a href=\"https:\/\/writingaboutmusic.blogspot.com\/2025\/01\/positive-wave-metsalapsi-humu-records.html\" target=\"_blank\" rel=\"noopener\">Scott&#8217;s Music Reviews<\/a> 26.1.2025<br \/>\n<a href=\"http:\/\/astralzoneblog.blogspot.com\/2025\/01\/positive-wave-metsalapsi.html\" target=\"_blank\" rel=\"noopener\">Astral Zone<\/a> 17.1.2025<br \/>\n<a href=\"https:\/\/www.progarchives.com\/Review.asp?id=3127310\" target=\"_blank\" rel=\"noopener\">Progarchives.com\u00a0<\/a>(4\/5) 22.12.2024<br \/>\n<a href=\"https:\/\/desibeli.net\/arvostelu\/9382\" target=\"_blank\" rel=\"noopener\">Desibeli.net\u00a0<\/a>(5\/5) 17.12.2024<br \/>\n<a href=\"https:\/\/rajatapauksia.wordpress.com\/2024\/12\/11\/positive-wave-metsalapsi\/\" target=\"_blank\" rel=\"noopener\">Rajatapauksia<\/a>\u00a0 11.12.2024<\/p>\n<p>Levy-yhti\u00f6: <a href=\"https:\/\/www.humurecords.com\/\" target=\"_blank\" rel=\"noopener\">Humu Records<\/a><\/p>\n<p>Levy saatavilla <a href=\"https:\/\/www.humurecords.com\/\" target=\"_blank\" rel=\"noopener\">Humu Records<\/a>in verkkokaupasta ja levykaupoista: <a href=\"https:\/\/www.levykauppax.fi\/artist\/positive_wave\/metsalapsi\/\" target=\"_blank\" rel=\"noopener\">Levykauppa \u00c4x<\/a>, <a href=\"https:\/\/www.stupido.fi\/stupido-market\/\" target=\"_blank\" rel=\"noopener\">Stupido Market Kallio<\/a>, <a href=\"https:\/\/www.facebook.com\/svartrecordshelsinki\/?locale=fi_FI\" target=\"_blank\" rel=\"noopener\">Svart<\/a> ja <a href=\"https:\/\/www.jaansarkija.fi\/\" target=\"_blank\" rel=\"noopener\">Keltainen J\u00e4\u00e4ns\u00e4rkij\u00e4<\/a>.<\/p>\n<p>&nbsp;<\/p>\n<h3><span style=\"color: #ff6600;\">+~ (2010)<\/span><\/h3>\n<figure style=\"width: 250px\" class=\"wp-caption alignleft\"><img loading=\"lazy\" decoding=\"async\" title=\"+~\" src=\"https:\/\/www.positivewave.net\/images\/net_+~.jpg\" alt=\"\" width=\"250\" height=\"125\" \/><figcaption class=\"wp-caption-text\">+~ (2010)<\/figcaption><\/figure>\n<p>Arviot<br \/>\n<a href=\"http:\/\/www.unimeri.com\/PsychotropicZone\/reviews.fi.php?subaction=showfull&amp;id=1280143415&amp;archive=&amp;start_from=&amp;ucat=1\" target=\"_blank\" rel=\"noopener noreferrer\">Psychotropic Zone<\/a> (<a href=\"http:\/\/www.unimeri.com\/PsychotropicZone\/reviews.en.php?subaction=showfull&amp;id=1280143531&amp;archive=&amp;start_from=&amp;ucat=3\" target=\"_blank\" rel=\"noopener noreferrer\">eng<\/a>) 26.7.2010<br \/>\n<a href=\"http:\/\/www.progarchives.com\/Review.asp?id=303637\" target=\"_blank\" rel=\"noopener noreferrer\">Prog Archives<\/a> (3.5\/5) 10\/2010<br \/>\n<a href=\"http:\/\/progmistress.wordpress.com\/2011\/03\/23\/positive-wave-positive-wave-2010\/\" target=\"_blank\" rel=\"noopener noreferrer\">Raffaella Berry<\/a> 23.3.2011<br \/>\n<a href=\"http:\/\/www.progressor.net\/review\/positive_wave_2010.html\" target=\"_blank\" rel=\"noopener noreferrer\">ProgressoR<\/a> (4\/5) 11.6.2011<br \/>\n<a href=\"http:\/\/highlands.fanzine.free.fr\/acceuil.html\" target=\"_blank\" rel=\"noopener noreferrer\">Highlands Magazine<\/a> (14\/20) 6.2011<br \/>\nJakelu: <a href=\"http:\/\/www.runningmoose.fi\/\">Running Moose<\/a><\/p>\n<p><iframe loading=\"lazy\" src=\"https:\/\/w.soundcloud.com\/player\/?url=https%3A\/\/api.soundcloud.com\/playlists\/228472209&amp;color=ff5500&amp;auto_play=false&amp;hide_related=false&amp;show_comments=true&amp;show_user=true&amp;show_reposts=false\" width=\"100%\" height=\"350\" frameborder=\"no\" scrolling=\"no\"><\/iframe><\/p>\n<h3><span style=\"color: #ff6600;\">Demot<\/span><\/h3>\n<h3 style=\"text-align: left;\"><span style=\"color: #ff6600;\"> <span style=\"color: #ff6600;\">Positive Wave (2004)<\/span><\/span><\/h3>\n<figure style=\"width: 250px\" class=\"wp-caption alignleft\"><img loading=\"lazy\" decoding=\"async\" title=\"Positive Wave\" src=\"https:\/\/www.positivewave.net\/images\/net_Positive_Wave.jpg\" alt=\"\" width=\"250\" height=\"131\" \/><figcaption class=\"wp-caption-text\">Positive Wave (2004)<\/figcaption><\/figure>\n<p><em>\u00a0<\/em><\/p>\n<h3 style=\"text-align: left;\"><span style=\"color: #ff6600;\">Muutoksia (2001)<\/span><\/h3>\n<figure style=\"width: 250px\" class=\"wp-caption alignleft\"><img loading=\"lazy\" decoding=\"async\" title=\"Muutoksia\" src=\"https:\/\/www.positivewave.net\/images\/net_muutoksia.jpg\" alt=\"\" width=\"250\" height=\"125\" \/><figcaption class=\"wp-caption-text\">Muutoksia (2001)<\/figcaption><\/figure>\n<h3><\/h3>\n<h3><span style=\"color: #ff6600;\">Aurinkoon (2000)<\/span><\/h3>\n<figure style=\"width: 250px\" class=\"wp-caption alignleft\"><img loading=\"lazy\" decoding=\"async\" title=\"Aurinkoon\" src=\"https:\/\/www.positivewave.net\/images\/net_aurinkoon.jpg\" alt=\"\" width=\"250\" height=\"110\" \/><figcaption class=\"wp-caption-text\">Aurinkoon (2000)<\/figcaption><\/figure>\n<h3><span style=\"color: #ff6600;\">Positive Wave Vol. 1 (1999)<\/span><\/h3>\n<figure style=\"width: 250px\" class=\"wp-caption alignleft\"><img loading=\"lazy\" decoding=\"async\" title=\"Positive Wave Vol. 1\" src=\"https:\/\/www.positivewave.net\/images\/net_eka.jpg\" alt=\"\" width=\"250\" height=\"112\" \/><figcaption class=\"wp-caption-text\">Positive Wave Vol. 1 (1999)<\/figcaption><\/figure>\n<h3><\/h3>\n<h5>(n\u00e4m\u00e4 historialliset demot l\u00f6ytyv\u00e4t nyt <a href=\"https:\/\/soundcloud.com\/user-532469232\/sets\/positive-wave-demo-tapes\" target=\"_blank\" rel=\"noopener noreferrer\">Aizu&#8217;s Channel:<\/a>lta SoundCloudista)<\/h5>\n","protected":false},"excerpt":{"rendered":"<p>Positive Waven musiikki on lempe\u00e4\u00e4 progressiivista rockia, joka ammentaa maailmanmusiikista, psykedelian eri v\u00e4reist\u00e4 sek\u00e4 el\u00e4m\u00e4n kauneudesta ja arvoituksellisuudesta. Diskografia Mets\u00e4lapsi (2024) Arviot Progressor (4\/5) 7.2025 Progressor (5\/6) 27.1.2025 Scott&#8217;s Music<\/p>\n<p class=\"more-link\"><a href=\"https:\/\/www.positivewave.net\/?page_id=17\" class=\"readmore\">Continue reading<span class=\"screen-reader-text\">musiikki<\/span><\/a><\/p>\n","protected":false},"author":1,"featured_media":0,"parent":0,"menu_order":10,"comment_status":"closed","ping_status":"closed","template":"","meta":{"footnotes":""},"class_list":["post-17","page","type-page","status-publish","hentry"],"_links":{"self":[{"href":"https:\/\/www.positivewave.net\/index.php?rest_route=\/wp\/v2\/pages\/17","targetHints":{"allow":["GET"]}}],"collection":[{"href":"https:\/\/www.positivewave.net\/index.php?rest_route=\/wp\/v2\/pages"}],"about":[{"href":"https:\/\/www.positivewave.net\/index.php?rest_route=\/wp\/v2\/types\/page"}],"author":[{"embeddable":true,"href":"https:\/\/www.positivewave.net\/index.php?rest_route=\/wp\/v2\/users\/1"}],"replies":[{"embeddable":true,"href":"https:\/\/www.positivewave.net\/index.php?rest_route=%2Fwp%2Fv2%2Fcomments&post=17"}],"version-history":[{"count":141,"href":"https:\/\/www.positivewave.net\/index.php?rest_route=\/wp\/v2\/pages\/17\/revisions"}],"predecessor-version":[{"id":752,"href":"https:\/\/www.positivewave.net\/index.php?rest_route=\/wp\/v2\/pages\/17\/revisions\/752"}],"wp:attachment":[{"href":"https:\/\/www.positivewave.net\/index.php?rest_route=%2Fwp%2Fv2%2Fmedia&parent=17"}],"curies":[{"name":"wp","href":"https:\/\/api.w.org\/{rel}","templated":true}]}}